{"id":43,"date":"2018-07-16T17:09:47","date_gmt":"2018-07-16T17:09:47","guid":{"rendered":"https:\/\/lenaszuckerstube.wordpress.com\/?page_id=43"},"modified":"2024-06-08T19:19:19","modified_gmt":"2024-06-08T17:19:19","slug":"ueber-mich","status":"publish","type":"page","link":"https:\/\/lenaszuckerstube.com\/index.php\/ueber-mich\/","title":{"rendered":"\u00dcber mich"},"content":{"rendered":"\n<h2 class=\"wp-block-heading has-dark-blue-color has-text-color\">Ich bin Lena &#8211; offiziell Annalena.<\/h2>\n\n\n\n<p>Ich bin 35 Jahre alt und lebe seit einigen Jahren in der wundersch\u00f6nen Stadt Hamburg. Da man hier nicht lang sabbelt und schon gar nicht \u00fcber sich selbst, belasse ich es bei dem Wichtigsten: <\/p>\n\n\n\n<p class=\"has-text-align-center has-dark-blue-color has-text-color\">\n\nIch liebe Backen. Backen ist mein Yoga.\n\n<\/p>\n\n\n<div id=\"metaslider-id-1631\" style=\"width: 100%; margin: 0 auto;\" class=\"ml-slider-3-108-0 metaslider metaslider-flex metaslider-1631 ml-slider has-dots-nav ms-theme-default\" role=\"region\" aria-label=\"\u00dcber Mich\" data-height=\"300\" data-width=\"700\">\n    <div id=\"metaslider_container_1631\">\n        <div id=\"metaslider_1631\">\n            <ul class='slides'>\n                <li style=\"display: block; width: 100%;\" class=\"slide-1632 ms-image \" aria-roledescription=\"slide\" data-date=\"2024-06-08 19:16:36\" data-filename=\"d7d860ee-3dbb-4ac7-b64a-d8425a91454f.jpg\" data-slide-type=\"image\"><img loading=\"lazy\" decoding=\"async\" width=\"1024\" height=\"1280\" src=\"https:\/\/lenaszuckerstube.com\/wp-content\/uploads\/2024\/05\/d7d860ee-3dbb-4ac7-b64a-d8425a91454f.jpg\" class=\"slider-1631 slide-1632 msDefaultImage\" alt=\"\" rel=\"\" title=\"d7d860ee-3dbb-4ac7-b64a-d8425a91454f\" srcset=\"https:\/\/lenaszuckerstube.com\/wp-content\/uploads\/2024\/05\/d7d860ee-3dbb-4ac7-b64a-d8425a91454f.jpg 1024w, https:\/\/lenaszuckerstube.com\/wp-content\/uploads\/2024\/05\/d7d860ee-3dbb-4ac7-b64a-d8425a91454f-240x300.jpg 240w, https:\/\/lenaszuckerstube.com\/wp-content\/uploads\/2024\/05\/d7d860ee-3dbb-4ac7-b64a-d8425a91454f-819x1024.jpg 819w, https:\/\/lenaszuckerstube.com\/wp-content\/uploads\/2024\/05\/d7d860ee-3dbb-4ac7-b64a-d8425a91454f-768x960.jpg 768w\" sizes=\"auto, (max-width: 1024px) 100vw, 1024px\" \/><\/li>\n                <li style=\"display: none; width: 100%;\" class=\"slide-1633 ms-image \" aria-roledescription=\"slide\" data-date=\"2024-06-08 19:16:45\" data-filename=\"img_1366-e1562752922168.jpg\" data-slide-type=\"image\"><img loading=\"lazy\" decoding=\"async\" width=\"1096\" height=\"1279\" src=\"https:\/\/lenaszuckerstube.com\/wp-content\/uploads\/2024\/05\/img_1366-e1562752922168.jpg\" class=\"slider-1631 slide-1633 msDefaultImage\" alt=\"\" rel=\"\" title=\"img_1366-e1562752922168\" srcset=\"https:\/\/lenaszuckerstube.com\/wp-content\/uploads\/2024\/05\/img_1366-e1562752922168.jpg 1096w, https:\/\/lenaszuckerstube.com\/wp-content\/uploads\/2024\/05\/img_1366-e1562752922168-257x300.jpg 257w, https:\/\/lenaszuckerstube.com\/wp-content\/uploads\/2024\/05\/img_1366-e1562752922168-877x1024.jpg 877w, https:\/\/lenaszuckerstube.com\/wp-content\/uploads\/2024\/05\/img_1366-e1562752922168-768x896.jpg 768w\" sizes=\"auto, (max-width: 1096px) 100vw, 1096px\" \/><\/li>\n            <\/ul>\n        <\/div>\n        \n    <\/div>\n<\/div>\n\n\n\n<p>Ich freue mich, wenn Euch die Rezepte in meinem Blog inspirieren und ihr damit einfache, aber dennoch leckere Teilchen backt. Alle Rezepte sind mehrfach selbst gebacken und verkostet worden. Hier gibt es nur Rezepte, die immer funktioniert haben und auch Spa\u00df beim Backen machen, weil man nicht genau aufs Gramm wiegen muss oder Modellierk\u00fcnstler sein muss, damit am Ende ein h\u00fcbsches Ergebnis entsteht. <\/p>\n\n\n\n<p>Ich habe einfach Spa\u00df am Backen und hoffe, Euch ein bisschen anstecken zu k\u00f6nnen. <\/p>\n\n\n\n<p>Liebe Gr\u00fc\u00dfe Lena<\/p>\n","protected":false},"excerpt":{"rendered":"<p>Ich bin Lena &#8211; offiziell Annalena. Ich bin 35 Jahre alt und lebe seit einigen Jahren in der wundersch\u00f6nen Stadt Hamburg. Da man hier nicht lang sabbelt und schon gar nicht \u00fcber sich selbst, belasse ich es bei dem Wichtigsten: Ich liebe Backen. Backen ist mein Yoga. Ich freue mich, wenn Euch die Rezepte in&hellip; <a class=\"continue\" href=\"https:\/\/lenaszuckerstube.com\/index.php\/ueber-mich\/\">Continue Reading \u00dcber mich<\/a><\/p>\n","protected":false},"author":1,"featured_media":289,"parent":0,"menu_order":0,"comment_status":"closed","ping_status":"closed","template":"","meta":{"footnotes":""},"class_list":["post-43","page","type-page","status-publish","has-post-thumbnail","hentry"],"_links":{"self":[{"href":"https:\/\/lenaszuckerstube.com\/index.php\/wp-json\/wp\/v2\/pages\/43","targetHints":{"allow":["GET"]}}],"collection":[{"href":"https:\/\/lenaszuckerstube.com\/index.php\/wp-json\/wp\/v2\/pages"}],"about":[{"href":"https:\/\/lenaszuckerstube.com\/index.php\/wp-json\/wp\/v2\/types\/page"}],"author":[{"embeddable":true,"href":"https:\/\/lenaszuckerstube.com\/index.php\/wp-json\/wp\/v2\/users\/1"}],"replies":[{"embeddable":true,"href":"https:\/\/lenaszuckerstube.com\/index.php\/wp-json\/wp\/v2\/comments?post=43"}],"version-history":[{"count":2,"href":"https:\/\/lenaszuckerstube.com\/index.php\/wp-json\/wp\/v2\/pages\/43\/revisions"}],"predecessor-version":[{"id":1635,"href":"https:\/\/lenaszuckerstube.com\/index.php\/wp-json\/wp\/v2\/pages\/43\/revisions\/1635"}],"wp:featuredmedia":[{"embeddable":true,"href":"https:\/\/lenaszuckerstube.com\/index.php\/wp-json\/"}],"wp:attachment":[{"href":"https:\/\/lenaszuckerstube.com\/index.php\/wp-json\/wp\/v2\/media?parent=43"}],"curies":[{"name":"wp","href":"https:\/\/api.w.org\/{rel}","templated":true}]}}